214.
2, 7, 71, 6131
What are the prime factors of 126661?
23, 5507
List the prime factors of 363271.
363271
List the prime factors of 4307333.
89, 48397
List the prime factors of 1443943.
19, 75997
What are the prime factors of 282772?
2, 7, 10099
What are the prime factors of 18092365?
5, 89, 109, 373
What are the prime factors of 678910?
2, 5, 67891
What are the prime factors of 97057?
71, 1367
What are the prime factors of 4039908?
2, 3, 61, 5519
List the prime factors of 351046.
2, 175523
List the prime factors of 251173.
13, 139
List the prime factors of 1570702.
2, 7, 151, 743
What are the prime factors of 5453853?
3, 277, 6563
What are the prime factors of 176209?
11, 83, 193
List the prime factors of 9053102.
2, 4526551
What are the prime factors of 131207?
179, 733
List the prime factors of 136840.
2, 5, 11, 311
What are the prime factors of 203366?
2, 23, 4421
What are the prime factors of 1540801?
47, 32783
What are the prime factors of 582655?
5, 116531
What are the prime factors of 36672341?
36672341
What are the prime factors of 5552690?
2, 5, 11, 13, 353
List the prime factors of 899212.
2, 41, 5483
What are the prime factors of 22430895?
3, 5, 41, 36473
What are the prime factors of 2535375?
3, 5, 6761
What are the prime factors of 1948468?
2, 23, 21179
List the prime factors of 729532.
2, 271, 673
What are the prime factors of 146091?
3, 11, 19, 233
List the prime factors of 196415.
5, 163, 241
What are the prime factors of 517815?
3, 5, 37, 311
List the prime factors of 173916.
2, 3, 4831
What are the prime factors of 57711?
3, 19237
List the prime factors of 218324.
2, 54581
What are the prime factors of 104365?
5, 20873
List the prime factors of 14727323.
13, 41, 27631
List the prime factors of 1366112.
2, 11, 3881
What are the prime factors of 8185953?
3, 23, 31, 43, 89
List the prime factors of 18463975.
5, 509, 1451
What are the prime factors of 16468527?
3, 43, 127663
What are the prime factors of 2319247?
7, 41, 8081
What are the prime factors of 7049059?
29, 31, 7841
List the prime factors of 114343.
114343
List the prime factors of 297593.
79, 3767
List the prime factors of 1123385.
5, 224677
List the prime factors of 2185300.
2, 5, 13, 41
What are the prime factors of 173533?
97, 1789
List the prime factors of 822813.
3, 274271
What are the prime factors of 3609336?
2, 3, 101, 1489
List the prime factors of 4886521.
179, 27299
List the prime factors of 1407403.
421, 3343
List the prime factors of 13624471.
7, 1063, 1831
List the prime factors of 385424.
2, 13, 17, 109
List the prime factors of 243223.
29, 8387
What are the prime factors of 1538555?
5, 307711
What are the prime factors of 150478?
2, 75239
What are the prime factors of 1628547?
3, 19, 28571
List the prime factors of 316601.
73, 4337
What are the prime factors of 2254541?
2254541
What are the prime factors of 7597631?
7597631
List the prime factors of 1152919.
59, 19541
What are the prime factors of 317595?
3, 5, 31, 683
What are the prime factors of 13071129?
3, 1759, 2477
What are the prime factors of 2455496?
2, 191, 1607
What are the prime factors of 383778?
2, 3, 23, 103
What are the prime factors of 5982158?
2, 7, 13, 32869
List the prime factors of 2995022.
2, 1497511
What are the prime factors of 2457964?
2, 23, 26717
List the prime factors of 13595121.
3, 17, 1097
List the prime factors of 561495.
3, 5, 11, 41, 83
What are the prime factors of 149772?
2, 3, 7, 1783
What are the prime factors of 786317?
7, 112331
What are the prime factors of 7236815?
5, 17, 19, 4481
What are the prime factors of 338570?
2, 5, 33857
List the prime factors of 32400.
2, 3, 5
What are the prime factors of 195520?
2, 5, 13, 47
List the prime factors of 7105855.
5, 101, 14071
What are the prime factors of 1335966?
2, 3, 19, 11719
What are the prime factors of 4617141?
3, 827, 1861
List the prime factors of 646190.
2, 5, 19, 179
List the prime factors of 7311126.
2, 3, 37, 32933
What are the prime factors of 3204306?
2, 3, 7, 173
List the prime factors of 69678.
2, 3, 7, 79
What are the prime factors of 3348102?
2, 3, 558017
What are the prime factors of 371555?
5, 74311
What are the prime factors of 6189500?
2, 5, 12379
List the prime factors of 9166763.
9166763
What are the prime factors of 4275790?
2, 5, 427579
What are the prime factors of 69901?
13, 19, 283
List the prime factors of 930067.
61, 79, 193
List the prime factors of 9580397.
23, 67, 6217
List the prime factors of 26574.
2, 3, 43, 103
What are the prime factors of 248871?
3, 7, 1693
What are the prime factors of 11591541?
3, 13, 7621
What are the prime factors of 8361771?
3, 11, 253387
List the prime factors of 169837.
169837
List the prime factors of 308473.
11, 29, 967
List the prime factors of 26424898.
2, 1741, 7589
What are the prime factors of 279889?
19, 14731
List the prime factors of 1546366.
2, 43, 17981
List the prime factors of 39747713.
163, 243851
List the prime factors of 457567.
11, 41597
What are the prime factors of 274578?
2, 3, 45763
What are the prime factors of 888916?
2, 7, 53, 599
What are the prime factors of 101488?
2, 6343
What are the prime factors of 77708?
2, 19427
What are the prime factors of 2518064?
2, 337, 467
What are the prime factors of 516934?
2, 11, 23497
List the prime factors of 23048497.
113, 203969
List the prime factors of 3575949.
3, 13, 91691
List the prime factors of 231709.
231709
What are the prime factors of 15854012?
2, 3963503
What are the prime factors of 273942?
2, 3, 19, 89
List the prime factors of 14862100.
2, 5, 11, 59, 229
List the prime factors of 3280883.
229, 14327
What are the prime factors of 10260604?
2, 2565151
What are the prime factors of 2241567?
3, 61, 1361
List the prime factors of 6646722.
2, 3, 1107787
List the prime factors of 324213.
3, 67, 1613
List the prime factors of 1107593.
1107593
List the prime factors of 20576506.
2, 19, 41, 47, 281
List the prime factors of 3225919.
37, 87187
List the prime factors of 111632.
2, 6977
What are the prime factors of 502335?
3, 5, 61
What are the prime factors of 37588?
2, 9397
List the prime factors of 1717749.
3, 11, 17351
List the prime factors of 6707431.
349, 19219
What are the prime factors of 329579?
17, 19387
List the prime factors of 65436.
2, 3, 7, 19, 41
List the prime factors of 721666.
2, 11, 32803
What are the prime factors of 11603659?
229, 50671
List the prime factors of 1553146.
2, 7, 110939
List the prime factors of 3872973.
3, 13, 7639
What are the prime factors of 179004?
2, 3, 7, 2131
What are the prime factors of 64297?
113, 569
List the prime factors of 121889.
121889
What are the prime factors of 2626187?
1493, 1759
What are the prime factors of 117005?
5, 7, 3343
What are the prime factors of 8942379?
3, 71, 41983
List the prime factors of 12987958.
2, 1637, 3967
List the prime factors of 665166.
2, 3, 59, 1879
What are the prime factors of 1360203?
3, 13, 34877
List the prime factors of 487404.
2, 3, 4513
What are the prime factors of 172964?
2, 11, 3931
List the prime factors of 26785328.
2, 29, 57727
What are the prime factors of 361792?
2, 5653
List the prime factors of 16388830.
2, 5, 19, 86257
What are the prime factors of 9593905?
5, 181, 10601
List the prime factors of 218716.
2, 54679
What are the prime factors of 12616020?
2, 3, 5, 61, 383
What are the prime factors of 143679?
3, 47, 1019
List the prime factors of 35683.
17, 2099
List the prime factors of 219383.
79, 2777
What are the prime factors of 139565?
5, 103, 271
What are the prime factors of 217703?
29, 7507
What are the prime factors of 3479304?
2, 3, 29, 4999
What are the prime factors of 1053829?
7, 151, 997
What are the prime factors of 120065?
5, 11, 37, 59
List the prime factors of 431760.
2, 3, 5, 7, 257
List the prime factors of 11314.
2, 5657
What are the prime factors of 3459995?
5, 7, 11, 19, 43
What are the prime factors of 8258252?
2, 37, 55799
What are the prime factors of 37532?
2, 11, 853
What are the prime factors of 112184?
2, 37, 379
What are the prime factors of 1469054?
2, 53, 13859
What are the prime factors of 5679956?
2, 43, 33023
What are the prime factors of 396581?
396581
What are the prime factors of 12690824?
2, 71, 22343
What are the prime factors of 304891?
5